(-4). Suppose q*h = 4*n + n, 6 = 3*n - h. Suppose 2*b = n + 7. Give c(b).
3
Let l(t) = 10 - 5*t - 5*t + 15*t - 2*t. Determine l(-2).
4
Suppose -w + 2*j - 2 + 3 = 0, w - j - 1 = 0. Suppose 0 = 3*f - 16*f + 13. Let k(a) = -2 + a - 2*a - w + f. Give k(-2).
0
Let c(p) = 4*p**3 + p - 16. Let x(h) = -13*h**3 + 2*h**2 - 3*h + 50. Let v(l) = -10*c(l) - 3*x(l). What is v(-6)?
16
Suppose 19*a + 15 + 118 = 0. Let p(d) = d**2 + 9*d + 4. Calculate p(a).
-10
Suppose 4*v + 2 - 18 = 0. Let y(n) = n + 18*n - 1 - 18*n. Calculate y(v).
3
Let d(p) be the third derivative of 0*p**3 - 2*p**2 + 1/6*p**4 + 1/720*p**6 + 0 - 1/20*p**5 + 0*p. Let a(o) be the second derivative of d(o). What is a(0)?
-6
Let b(c) = c**3 + 3*c**2 + 2*c + 4. Suppose f = -3*f + 180. Suppose 9*a - f = 4*a. Suppose -2*q = q + a. Determine b(q).
-2
Let t(p) be the second derivative of -p**5/120 - 5*p**4/8 - 17*p**3/6 + 26*p. Let j(o) be the second derivative of t(o). Determine j(-9).
-6
Let s = -5 + 10. Let v(b) be the third derivative of b**6/120 - 7*b**5/60 + b**4/3 - 2*b**3/3 + 11*b**2 + b. Give v(s).
-14
Let y(x) = -x**3 + 4*x**2 - x - 2. Let u be (0 - -1) + 1 - -2. Suppose -2*o + 26 = 5*b, 2*b - 4 - u = 0. Determine y(o).
4
Let t(v) = -8*v**2 - 31*v - 12. Let c(b) = 14*b**2 + 61*b + 25. Let h(z) = 3*c(z) + 5*t(z). What is h(-14)?
15
Let c(k) = -k**3 + 6*k**2 - 5*k - 4. Suppose -16 = -4*j - r, 13 = 3*j - r + 1. Give c(j).
8
Let y(p) be the third derivative of -p**7/2520 - p**6/180 + p**5/60 - p**4/24 - 21*p**2. Let u(j) be the second derivative of y(j). Give u(-3).
5
Let i(u) = -u**3 - 5*u**2 + 5*u - 8. Let f be (20/60)/(2/(-36)). Determine i(f).
-2
Suppose 4*f - v + 5 = 0, 13 = -5*f + 17*v - 18*v. Let n(a) = a**2 - 4. Give n(f).
0
Let x(v) = v**2 + 5*v - 1 - 2 - 2*v**2 + 0*v**2. Suppose 0 = -5*h + 7*h - 4. Give x(h).
3
Let j(h) = 18 - 3 - 7 - 16 - 3*h. Let q = -13 - -7. Determine j(q).
10
Let x = -209 - -212. Let u(d) be the first derivative of d**2 - d + 1/3*d**x - 2. Give u(1).
2
Let q(o) = -o**2 + 28*o - 110. Let n be q(24). Let w(l) = -l**2 - 14*l - 2. What is w(n)?
-2
Let a(u) = u - 15*u + 11*u - 22*u. Determine a(-1).
25
Let w(v) be the second derivative of -v**3/3 + 9*v**2/2 - 582*v. Give w(9).
-9
Let q(w) be the first derivative of -w**4/12 + w**3/3 - 8*w**2 - 15. Let x(r) be the second derivative of q(r). Determine x(-3).
8
Let a(d) = 2*d**3 + 4*d**2 + 5*d + 7. Let h be a(-3). Let f = 21 + h. Let n(w) = w**3 + 6*w**2 + 2*w - 3. Determine n(f).
12
Let g(s) = 42 - 100 + 47 + 0*s + s. What is g(7)?
-4
Let o(g) = -3*g**2 - g + g + 2*g. Suppose 17*d - 2 - 32 = 0. Give o(d).
-8
Let t = 149 - 150. Let y(w) = -w - 4. Give y(t).
-3
Suppose c - 3 + 0 = 0. Suppose c*d - 13 = -g, 5*d + 3*g - 23 = -0*d. Let f(t) = 0 + d - 8 - 3*t. What is f(-4)?
8
Let i = 16 - 9. Suppose -5*l = -5, 2*l - 2 = 3*w + 33. Let u = w + i. Let h(p) = -p - 4. What is h(u)?
0
Let t(q) be the third derivative of 5/24*q**4 + 0*q + 0 - 1/2*q**3 + 1/60*q**5 - 10*q**2. Give t(-5).
-3
Let k = 3 - 6. Let f(x) be the second derivative of 0 + 7*x - 3/2*x**2 - 1/3*x**3. Give f(k).
3
Suppose 7*q + 4 = 3*q, 0 = 5*b - 5*q - 20. Let d(k) = -k**3 + 6*k**2 - 3*k - 1. Calculate d(b).
17
Let f(y) be the second derivative of -13*y**3/6 - y**2/2 + y + 3. Let k = 15 - 9. Let r(l) = l**3 - 5*l**2 - 7*l + 5. Let m be r(k). Determine f(m).
12
Suppose u = -5*k - u - 20, -5*k - 20 = -5*u. Let j(v) = -v. Calculate j(k).
4
Suppose 0*y = 2*y - 12. Let h be 6/(-18) - 4/y. Let f be 0*(-2 + 1)*h. Let v(x) = x - 3. Determine v(f).
-3
Let h(a) = -2*a**2 + 11*a + 1. Let v be h(5). Let j(u) = -u**3 + 6*u**2 + 3*u. Calculate j(v).
18
Let l(c) be the second derivative of -2*c**2 - 1/24*c**4 + 0 + 1/60*c**5 - 5*c - 7/3*c**3. Let v(p) be the first derivative of l(p). Determine v(0).
-14
Suppose -d = -10 + 3. Let k(q) = -3*q - 19. Let l(u) = 4*u + 29. Suppose 4*o - 4*h - 3 = -11, -3*h - 8 = -o. Let f(z) = o*k(z) - 5*l(z). Give f(d).
-5
Let m(h) be the third derivative of h**5/12 + h**4/12 - 216*h**2. What is m(-1)?
3
Let k(f) = f + 17. Let j = 8 + -21. Determine k(j).
4
Let d(a) = -a**3 + 9*a**2 - 10*a - 9. Suppose 7*r = 20 + 36. Calculate d(r).
-25
Let d(u) = -u**2 + 4*u + 2. Let o(j) = j. Let g(l) = -d(l) + 3*o(l). Let k = 35 + -16. Let i = k - 19. Determine g(i).
-2
Let r(g) be the second derivative of -g**4/12 + g**3 - g**2 + 9*g. Let z be r(5). Let l(p) = p**3 - 4*p**2 + p + 3. Determine l(z).
-3
Let d(a) = -8 + 90*a**3 - 86*a**3 + 5 + 3*a. Give d(1).
4
Let y(i) = 8*i**2 + i. Let v be y(1). Suppose -2*j = -4*f - 22, -5*f - 2 - v = 3*j. Let d(n) = -n - 2. Determine d(j).
-5
Let q(m) = -34*m - 422. Let t be q(-12). Let z(g) = -3*g - 48. Give z(t).
-6
Let q be (179/537)/((-16)/18 + 1). Let b(l) = -l - 6. What is b(q)?
-9
Let t(h) = 8*h + 7*h - 16*h**2 + h**3 - h - 2 + 12. Let i be t(15). Let r(z) = z**3 + 4*z**2 - 4*z + 6. What is r(i)?
1
Let j = 8 - -3. Suppose j + 1 = 4*g. Let b(v) = 3*v - 2. What is b(g)?
7
Let r(w) = -13*w**2 + 3*w - 2. Let d(p) = 22*p**2 - 5*p + 4. Let a(g) = -3*d(g) - 5*r(g). Determine a(3).
-11
Suppose -5*m = 3*o + 25, -2*m - 18 = o + o. Suppose 0 = -2*g + 8*g. Let l be (1 + g)/((-2)/o). Let v(b) = -b**3 + 5*b**2 - b + 2. Determine v(l).
-3
Let s(i) = -i**3 - 7*i**2 - 7*i - 14. Let u be s(-6). Let n(z) = z**3 + 9*z**2 + 11*z + 2. What is n(u)?
-22
Suppose 0 = 3*c - 8 - 25. Let p(t) = c*t**2 - t + 9*t + 7*t**3 - 4*t**2 - 6*t**3. Calculate p(-6).
-12
Let g(d) be the third derivative of 0*d + 1/120*d**6 + 0 - 1/12*d**4 + 1/3*d**3 - 2*d**2 - 1/15*d**5. Give g(5).
17
Let c(r) be the first derivative of 5*r**2/2 - 36*r + 182. Calculate c(6).
-6
Let c(f) = -9*f + 2. Let d(j) = j + 1. Let b(q) = c(q) - 4*d(q). What is b(1)?
-15
Let f be ((-127)/2)/(((-4)/8)/1). Let n = f + -133. Let j(h) = h**2 + 8*h + 8. Give j(n).
-4
Let i(s) = 7*s - 4. Let r(k) = 1 + 0*k - 6*k + 0*k + 2. Let u(m) = -4*i(m) - 5*r(m). Calculate u(-4).
-7
Let f(x) = -x**2 - 6*x - 2. Let w(m) = -10*m - 2. Let o be w(-1). Let h be 25/(-4) - o/(-32). Let l be f(h). Let v(q) = -4*q - 3. Give v(l).
5
Let a(r) = 6*r - 2. Let p(y) = -y + 1. Let x(o) = 2*a(o) + 11*p(o). Give x(5).
12
Let c(l) be the first derivative of -l**4/4 - 14*l**3/3 + 33*l**2/2 - 13*l - 439. Determine c(-16).
-29
Let c(y) = 27*y - 10 + 11 - 31*y. Let q be 80/(-12) - (-1)/(-3). Let r(a) = -a - 8. Let z be r(q). What is c(z)?
5
Let b(p) = 8*p**2 - 4. Let w(r) = 7*r**2 - 3. Let y(n) = 2*b(n) - 3*w(n). What is y(1)?
-4
Let m be -4 + 3 + 1*4 + 0. Let l(r) = -r**3 + 6*r**2 - 5*r - 6. Calculate l(m).
6
Let f = -126 - -128. Let n be ((-18)/(-15))/((-2)/(-10)). Let v(y) = n*y - 5*y + f - 7. What is v(0)?
-5
Let t(q) = 3*q**3 + 24*q + 0*q**3 - 8 - 2*q**3 - 29*q - 8*q**2. Give t(9).
28
Let o(f) be the second derivative of -f**3/3 + 5*f**2 + 65*f. Let n be ((-5)/10)/((-1)/8). Suppose 0 = -3*w + 15, 2*s - 4*s - 6 = -n*w. Determine o(s).
-4
Let b(w) be the first derivative of w**3/3 + w**2/2 - 5*w - 255. Determine b(-4).
7
Let o(h) = h**3 + 5*h**2 + 6*h + 6. Let l = 2 - -32. Let y be l/4 + 4/(-8). Suppose 3*u = y*u + 20. What is o(u)?
-2
Suppose -19*u = -35*u + 128. Let g(b) = b**2 - 7*b + 6. Determine g(u).
14
Let n(p) be the first derivative of 0*p - 3*p**3 + 6 - 1/2*p**2. Determine n(1).
-10
Let f(l) = -l + 1. Suppose 6*v + 4 = 7*v - 2*d, 5*v - d = -25. Let z be f(v). Let q(c) = c**2 - 7*c + 10. Give q(z).
10
Let f(w) = w**3 + 2*w**2 - 3*w + 2. Let g(r) = 4*r + 29. Let x be g(-8). Give f(x).
2
Let y(j) be the third derivative of -j**5/60 + j**4/8 - j**3/6 - j**2. Let u = 1080 - 1078. What is y(u)?
1
Let r(g) = -g**3 + 8*g**2 - 8*g + 5. Suppose 1 - 13 = -p - 3*h, 4*p = 4*h. Suppose t + p = -2. Let b be 1/(-2)*(t - 9). Determine r(b).
-2
Let h(m) be the first derivative of -m**3/6 + 15*m**2/2 - 28*m - 13. Let j(a) be the first derivative of h(a). Give j(11).
4
Suppose -2*j = 4*u - 26, 0 = -5*u + 3*j - j + 19. Let k(z) = -z**2 + 8*z - 15. Determine k(u).
0
Let s(n) = 2 - 9 + 13 + n - 7. Suppose -35 = -21*t + 26*t. Calculate s(t).
-8
Let b(t) = t**3 + 7*t - 13. Let w(a) = 2*a**3 - a**2 + 15*a - 27. Let q(c) = -13*b(c) + 6*w(c). Calculate q(-6).
13
Suppose -61*b + 58*b = 9. Let d(s) = s**2 - 9. Calculate d(b).
0
Let f = 72 + -68. Let y be (-6)/(-10) - (-11)/(110/f). Let l(x) = -2*x**3 - 2*x**2 + x. Give l(y).
-3
Suppose -